se -4*t - 7242 - 5266 = -4*b, -5*b - 5*t = -15625. List the prime factors of b.
2, 3, 521
Let h = -179 + 194. Let b = 5 - 2. Suppose b*n + h = 84. List the prime factors of n.
23
Let d(s) = -2*s + 2*s + 2*s + 2 + 5. Let u be d(-5). What are the prime factors of (44/(-6) - 2)*u?
2, 7
Suppose 2*c = 79 + 19. Let v = -24 + c. What are the prime factors of v?
5
List the prime factors of ((-77)/196*-7)/(2/1952).
2, 11, 61
Let c(v) = -v**3 - 6*v**2 - 4*v - 5. Let h be c(-4). Let r = h - -25. Suppose 3*u - r*u + 23 = 0. List the prime factors of u.
23
Let q be (17 + -15)/(4/22). Let k(z) = -z**3 + 12*z**2 - 4*z + 1. Let c be k(q). Suppose -5*u + 8 = -5*h + c, 0 = -u - 3. List the prime factors of h.
11
Let c(k) = k**3 + 5*k**2 - 3*k - 7. Let g be c(-5). Let h = g + 17. Let w = h + -8. List the prime factors of w.
17
Let c = -4495 - -7759. List the prime factors of c.
2, 3, 17
Let l(o) = -o**3 - 11*o**2 - 15*o - 4. Let f = 18 + -28. What are the prime factors of l(f)?
2, 23
Suppose 0 = -2*n - 4*t + 10, 3*n = -2*n + 2*t - 11. Let l = 63 - n. What are the prime factors of l?
2
Let z = 5705 - 3307. What are the prime factors of z?
2, 11, 109
Let s = -64 - -58. Let n(d) = 2*d - 5 + 12 - 3*d - 5*d. List the prime factors of n(s).
43
Suppose 5*h - 1525 = 560. What are the prime factors of h?
3, 139
Let k = -8 + 12. Suppose 2*o + 2*o - k = 0. List the prime factors of (-47)/((-2)/(1 + o)).
47
What are the prime factors of 11 + -10 + 21 + 487?
509
Suppose -y + 96 = 7*y. What are the prime factors of (968/y)/1*(-6)/(-4)?
11
Let i(g) = 2*g**2 + 3*g - 7. Let t(n) = n**2 + n - 1. Let x(d) = i(d) - t(d). Let y be x(-5). Let v = y - -10. List the prime factors of v.
19
Let l be ((-58)/4*1)/1*2. Let w = -4 + 61. Let p = l + w. What are the prime factors of p?
2, 7
Let x(h) = 74*h - 22. What are the prime factors of x(9)?
2, 7, 23
Let b(v) = v + 17 + v - 2*v - v. What are the prime factors of b(4)?
13
Let d(j) = -8*j - 234. List the prime factors of d(-55).
2, 103
Let h(n) = -179*n**3 - n**2 - n + 1. Let p be h(-1). Suppose -p = -3*l + 3*y, 0*y = 5*l - y - 320. List the prime factors of l.
5, 13
Let n be 27/(-36)*(-20)/3. Suppose -3*k - k = -4*b - 20, -4*k + 23 = -n*b. List the prime factors of 8 + k/4*0.
2
Suppose -5*w + 4 = 19, -5*w + 447 = -3*o. Let m = -62 - o. List the prime factors of m.
2, 23
Suppose -14 + 4 = -2*y. Suppose -y*w - 1 = -11. Suppose -w*x + 4 = -30. What are the prime factors of x?
17
Suppose 0 = h + 2*u - 300, -7*h = -2*h - 3*u - 1552. List the prime factors of h.
2, 7, 11
Let f = 66 - -27. Let z = -4 + -5. What are the prime factors of f/z*-3 - 3?
2, 7
Let o(l) = -4*l**3 + 8*l**2 + 57*l + 24. List the prime factors of o(-7).
3, 463
Suppose -m + 2*l = 38 - 95, 0 = 4*m - 3*l - 238. Let n = m + -47. What are the prime factors of n?
2, 7
List the prime factors of 50796/126 + 6/7.
2, 101
Let q(x) = 2*x**2 + 3*x + 1. Let w(k) = 5*k**2 + 5*k + 1. Let u(j) = -5*q(j) + 3*w(j). Let l(d) = d. Let a be l(2). List the prime factors of u(a).
2, 3
List the prime factors of 9/45 - 12966/(-60)*8.
7, 13, 19
List the prime factors of 10/5*2643/6.
881
Suppose -3*y + 0*y + 4*g = -205, 2*y = 2*g + 138. List the prime factors of y.
71
Let i = 29 - 25. What are the prime factors of i*28/(-24)*-15?
2, 5, 7
Let h(y) = -643*y**3 - 5*y**2 - 3*y + 1. What are the prime factors of h(-1)?
2, 3, 107
Suppose h - 3087 = 3*b - 11866, 14620 = 5*b - 4*h. What are the prime factors of b?
2, 3, 61
Let d(t) = t**2 - 5*t - 7. Let x be d(7). Suppose x*y - 5*y - 210 = 0. Suppose -2*k + 3*k = -5, 3*v - 3*k - y = 0. List the prime factors of v.
2, 3, 5
Let i = -53 + 65. Suppose -53 = -3*x - 2*n + 3*n, 3*n = i. What are the prime factors of x?
19
Suppose 5*d = -4*j - 1, 2*d - 3*d + 4*j + 19 = 0. Let c = d + 12. List the prime factors of c.
3, 5
Let m(i) be the third derivative of -i**6/120 + i**5/20 + i**4/24 - i**3/3 + 6*i**2. Let y be m(2). Let v = y - -15. What are the prime factors of v?
19
Suppose -d + 4 = 0, -9 - 83 = -3*o + 4*d. Suppose 6*c = -3*c + 27. Suppose 4*y - y + o = 2*z, -c*z + 54 = -3*y. List the prime factors of z.
2, 3
Suppose -5*j + 246 = 3*n, -4*n + 0*j = 3*j - 317. What are the prime factors of n?
7, 11
Let f(d) = 9*d**2 - d + 1. Suppose -5*j + 15 = -2*s + 7*s, -2*s + 8 = 3*j. Let b be f(s). List the prime factors of (12/b)/((-2)/(-42)).
2, 7
Let f(a) = -5*a**2 + 4*a + 7. Let c be f(-3). Suppose 0 = -4*n - 26 + 2. Let q = n - c. List the prime factors of q.
2, 11
Suppose 0*f - f - 6 = 0. Let g = 10 - f. What are the prime factors of g?
2
Suppose 2*d = 4*d - 4. Suppose s + 12 = d*s. Suppose -2*j + s = 2*j. What are the prime factors of j?
3
Let i = 421 - -32. List the prime factors of i.
3, 151
Suppose -5*s = -5*i - 225, 5*i - 103 = -s - 2*s. Suppose -3*q = -13 - s. What are the prime factors of q?
2, 3
Let b(m) = m**3 + 13*m**2 + 3*m - 16. Let v be b(-13). Let w = 27 - v. What are the prime factors of w?
2, 41
Let m = 1030 + -648. What are the prime factors of m?
2, 191
What are the prime factors of (8/96*-4)/(2/(-1176))?
2, 7
Let b = 12 - 11. Let a = 3 + b. Let s(u) = u**2. List the prime factors of s(a).
2
Let m(f) = 3*f - 7. Let u be m(7). Suppose 8 = k + 3*d, 0*k + u = -2*k + 4*d. List the prime factors of k/2 + (-451)/(-22).
2, 5
Suppose 0*r - r = -5*d + 988, -d = 4*r - 206. What are the prime factors of d?
2, 3, 11
Let u be 10/55 - (-13)/(-11). Let k be (4/u)/(3 - 2). List the prime factors of 3/12 + (-79)/k.
2, 5
Let g = -44 - -333. Suppose a = 5*y - 1445, -y = -0*y - 2*a - g. What are the prime factors of y?
17
Suppose -16*s + 0*s = -96. What are the prime factors of 56/(-12)*s*2/(-1)?
2, 7
Let k(g) = -9 + g**3 - 2*g**3 + 0*g - 10*g**2 + g + 2*g. What are the prime factors of k(-11)?
79
Suppose -11*r = -5*r. Suppose 5*y + 32 - 402 = r. List the prime factors of y.
2, 37
Let b = -35 + 40. Suppose -1145 = b*h - 10*h. List the prime factors of h.
229
Let v(z) = z**2 - 5*z - 5. Let k be (12/(-8))/(1/4). Let a be (-40)/k - 3/(-9). What are the prime factors of v(a)?
3
Suppose u = 7*u - 480. Suppose -u = -4*z - z. List the prime factors of z.
2
Let b(u) = -u + 6. Let h be b(-9). Let i = h - 15. List the prime factors of (0 - i) + (2 - -29).
31
Let q = -131 - -416. Suppose -q = -4*d + 63. What are the prime factors of d?
3, 29
Let z be 2/(-1) + (16 - 8). What are the prime factors of ((-308)/z)/(30/(-45))?
7, 11
Let a(i) = i**3 - 7*i**2 + 7. Let o be a(7). Let s be (-222)/21 - (-4)/o. Let x = s - -17. List the prime factors of x.
7
Let i = 1 + -1. Let t = 69 + -34. Let m = t - i. List the prime factors of m.
5, 7
Let u(x) = 8*x + 1. Let h(f) = 24*f. Let b be h(1). Suppose b = 5*p + 4*a, -4*p + 21 = 4*a + 1. What are the prime factors of u(p)?
3, 11
Let l(z) = z**2 + z. Let o(n) = 6*n**2 - n. Let s(w) = 5*l(w) - o(w). Let v be s(5). Suppose -v*k - 64 = -319. List the prime factors of k.
3, 17
Let y(b) = -2*b - 9. Let i be y(-7). Suppose -i*l = -2*l + 3. Let z(h) = 16*h**2 - 2*h - 1. What are the prime factors of z(l)?
17
Let s(d) = -2 - d + 0 - 12*d. List the prime factors of s(-5).
3, 7
Let m(k) = 1 + 7 + 18*k - 14. Let q be m(3). Suppose -3*v = -5*v + q. What are the prime factors of v?
2, 3
Let n(d) = -9*d**3 - 6*d**2 - d + 9. What are the prime factors of n(-4)?
17, 29
Let i be (-63)/18*(-8)/14. Suppose -i*c = -7 - 283. What are the prime factors of c?
5, 29
Suppose 5*s = 0, 66 = m - 2*s + s. Let a = 12 + m. What are the prime factors of a?
2, 3, 13
Let x = 34 - 31. Suppose h - 13 = -r, -x*h + 3*r = 4*r - 31. What are the prime factors of (-498)/h*(-27)/18?
83
Suppose -2*q + 10 = 3*q. Let j(v) = v**2 + 4*v**2 + v**3 - 2 + 4 - q*v. What are the prime factors of j(-5)?
2, 3
Let j = 310 + 36. What are the prime factors of j?
2, 173
Suppose 4*p + 0*p + 162 = 2*x, 3*p - 2*x + 124 = 0. Let c = p + 72. What are the prime factors of c?
2, 17
Suppose v - 2*t = 49, -v + 3*t = -22 - 27. Suppose c = v + 46. Suppose 4*g - c = -g. What are the prime factors of g?
19
Let o(k) = 8*k**2 + 6*k - 3. Let a be o(5). Let m = a + -109. What are the prime factors of m?
2, 59
Let o(m) be the second derivative of m**5/20 - 5*m**4/12 + m**3/6 - 5*m**2/2 - 12*m. Let y be o(5). Suppose y = q + 3*q - 216. List the prime factors of q.
2, 3
Suppose -4*p + 69 = -p. List the prime factors of p